 be p(0). Suppose -105 = -t*y + 54. Calculate the remainder when y is divided by 4/(-18) - 11270/(-414).
26
Let y = 892 + -843. Calculate the remainder when y is divided by 18.
13
Let y(l) = -l + 112. What is the remainder when y(30) is divided by 44?
38
What is the remainder when 35 is divided by (-5)/35 - -24*(-40)/(-105)?
8
Let l be (-3)/18*-3*2. Let t(c) = 5*c**2 + c - l - 4*c**2 + 1. Calculate the remainder when 57 is divided by t(4).
17
Suppose 7*m - 511 = -0*m. Suppose 5 = -2*v + 5*d - 3, 5*v + 20 = -2*d. Calculate the remainder when m is divided by 22 + v - (4 + -1).
13
Let h = 408 + -383. Calculate the remainder when 99 is divided by h.
24
Calculate the remainder when (275 - 0)*14/(13 - -1) is divided by 3.
2
Suppose 49*f = 50*f - 6. Suppose -2*v = -4, 0 = -3*g + g - 5*v + 64. Let n = -10 + g. What is the remainder when n is divided by f?
5
Let p = 11 + 4. Suppose -h + 43 = s - 15, 4*h = -s + 217. Calculate the remainder when h is divided by p.
8
Suppose -y - 3 = -0*y. Let x = y + 14. What is the remainder when 63 is divided by x?
8
Suppose 0 = 2*h + 3*h - 145. What is the remainder when (-422)/(-8) - (85/(-20) - -5) is divided by h?
23
Suppose 7*s + 2659 = 377. What is the remainder when s/(-8) - (-3)/12 is divided by 7?
6
Let b be (-2)/(-6)*24/16*140. Let j = -52 + b. Calculate the remainder when 53 is divided by j.
17
What is the remainder when 97 is divided by (44 + -14)*15/18?
22
Suppose 0 = 44*k + 153 - 11813. What is the remainder when k is divided by 37?
6
Let a be 9/15 + 22/5. Let s = a - 6. What is the remainder when 45 is divided by 0 - 2 - 14/s?
9
Let a(q) = -2*q**2 + 81*q + 124. Calculate the remainder when a(39) is divided by 61.
58
Suppose -37*c + 373 + 737 = 0. What is the remainder when c is divided by 7?
2
Let m be 3 + (-2 - -114) - -4. Let v = m + -63. Suppose -b - 6 = 5*n - 0, -3*n = -4*b + 91. What is the remainder when v is divided by b?
18
Let h(x) = x**3 + 11*x**2 - 20*x - 28. What is the remainder when 199 is divided by h(-12)?
63
Suppose -2*x + 29 = 10*d - 7*d, -3*d + 19 = x. Calculate the remainder when x is divided by 1/(2/(-3))*-2.
1
Suppose -3*k + 22 = k - 2*h, 2*k + h - 5 = 0. Suppose 4*s + 7 = 31. What is the remainder when (-3)/s - (-58)/4 is divided by k?
2
Suppose 3*h + 16 = h - 5*b, 4*h + 2*b + 32 = 0. Calculate the remainder when (3 + h - -4)*-125 is divided by 63.
62
Suppose -52 = a - 5*a. What is the remainder when 75 is divided by a?
10
Let b(s) = -s**3 - 7*s**2 - 6*s - 1. Let i be b(-6). Let l = -59 - -112. Calculate the remainder when l is divided by (1 - i) + -5 + 21.
17
Suppose 0*r + 784 = 14*r. Calculate the remainder when 559 is divided by r.
55
Let n(f) = -102*f**3 + 2*f**2 + 2*f - 2. Let t be n(2). What is the remainder when (-6)/4*t/39 is divided by 16?
15
Let t(q) = 44*q - 35. Let k be t(8). Suppose 62 = -5*x + k. What is the remainder when x is divided by 13?
12
Suppose -174 = 14*h - 846. Calculate the remainder when h is divided by 22.
4
Let r = -1150 + 1153. Calculate the remainder when 26 is divided by r.
2
Let t(m) = -32*m**3 + 2*m**2 + 2*m + 1. Let u be 11/(-55) + 12/10 + -2. Calculate the remainder when t(u) is divided by 19.
14
Suppose -21*u - 960 = -53*u. Calculate the remainder when u is divided by 4.
2
Suppose -55*t + 49*t = 0. Suppose 9*i - 10*i + 8 = t. What is the remainder when 11 is divided by i?
3
Let b(f) = f**2 - 7*f + 14. Let q be b(6). Let u be (q/(-2))/(4/(-2)). Suppose 3*z = u*z + 4. What is the remainder when 13 is divided by z?
1
Let r(v) = 4*v + 89. What is the remainder when 9 is divided by r(-21)?
4
Suppose -66 = -4*y + y. Suppose -2*v = 2*v. Suppose v = o - 11 - 1. Calculate the remainder when y is divided by o.
10
Let p(v) = 2*v**2 - 3*v - 19. Let n be p(-4). Suppose -n*j = -29*j + 24. Calculate the remainder when 16 is divided by j.
4
Let r be 2 + -2*(-5)/10. Let i(m) = m**3 + 2*m + 1. What is the remainder when i(r) is divided by 19?
15
Suppose -2*x = 3*h - 152, 2*h - 146 = -h + 4*x. Suppose m - h = 2*o - 5*o, -m - o = -40. What is the remainder when m is divided by 16?
3
What is the remainder when 486 is divided by (1 + -7)*-123*(-6)/(-36)?
117
Let b(w) = -w - 3. Calculate the remainder when 240 is divided by b(-14).
9
Let z be (8 + -6)/((-2)/79). Let j = z + 85. What is the remainder when j is divided by 4?
2
Let m(p) = -6*p + 69. Suppose 0 = 6*u - 8*u - 10, -4*n + 40 = -4*u. What is the remainder when m(n) is divided by 6?
3
Let v(b) be the first derivative of 5*b**2 - 44*b + 14. Calculate the remainder when v(6) is divided by 2 - 1 - (1 - 6).
4
Let a = 64 + -36. Let c be (-4)/(-20) - (-9)/5. Suppose -c*h - 45 = -5*h. What is the remainder when a is divided by h?
13
Suppose -14*m = -7*a - 9*m + 1213, 0 = -4*a + m + 695. What is the remainder when a is divided by 2/(-6) - 134/(-6)?
20
Let w be (-4 - (-64)/12)*549/(-6). Let u = 136 + w. What is the remainder when 79 is divided by u?
9
Suppose 140 = -5*a + 1085. Suppose 14*w = 11*w + a. What is the remainder when w is divided by 16?
15
Calculate the remainder when 9*1*(-3150)/(-189) is divided by 9.
6
Suppose o - 84 = -2*o. What is the remainder when (1035/20)/((-9)/(-24)) is divided by o?
26
Let t be (5 - -3)*(-2)/(-4). Suppose -j = -t*b + 69, -b + 3*j + 31 = -0*j. Calculate the remainder when 7/(-14)*(2 - 94) is divided by b.
14
Suppose -5*m + 50 = 4*i - 101, -i = -5*m + 131. Calculate the remainder when 3 + 0 + (-1 - -16)*5 is divided by m.
24
Let d = -20 + 26. Let i(o) = -o + 6. Let f be i(3). Suppose -d - 58 = -4*r + 4*m, -r + 20 = -f*m. Calculate the remainder when 27 is divided by r.
13
Let k(o) = o. Let z(v) = -28*v + 4. Let u(h) = -5*k(h) + z(h). Let m(l) = -5*l. Calculate the remainder when u(-1) is divided by m(-2).
7
Let j(l) = -3*l**2 + 2*l - 3. Let w be j(-3). Calculate the remainder when 93 is divided by ((-4)/(-3))/((-3)/w).
13
Suppose -2*p - 58 = -4*t, 34 = t + t - 2*p. Suppose 4*x = -16, 4 = -2*z + x + t. Calculate the remainder when 13 is divided by z.
1
Suppose -4*v + 1311 = 303. Let y = v + -122. Calculate the remainder when y is divided by 27.
22
Let m = -270 - -372. Calculate the remainder when m is divided by 26.
24
Let g(s) = -s - 2. Let z be g(-11). What is the remainder when (0 - 3/z)*-27 is divided by 1/((33/(-18))/(-11))?
3
Let y(l) = -67*l. Suppose 2*s - 32 = 2*x - 3*x, 3*s + 5*x - 41 = 0. What is the remainder when y(-1) is divided by s?
16
Let p(h) = h**2 - 15*h + 28. Let c be p(13). Calculate the remainder when (-4)/((-96)/76) - c/12 is divided by 1.
0
What is the remainder when 854 is divided by (72/40)/1*25?
44
Let d be -1 + 1526/(-6 - -4). Let b be d/4*-1 - 2. Let k = b + -113. What is the remainder when k is divided by 20?
16
Suppose 18*v + 1494 = 36*v. What is the remainder when 248 is divided by v?
82
Let q = 8 - 6. Let v be (-2)/(-4) + 83/q. Suppose -t = 5*x - 45, -5*t + 4*x = -v - 67. What is the remainder when t is divided by 7?
4
Suppose -47 = -0*v + v. Let d = -39 - v. What is the remainder when 20 is divided by d?
4
Suppose 5*d + 5 = 190. What is the remainder when 98 is divided by d?
24
Suppose -x = -5*q + 334, -3 - 2 = -5*x. Suppose -u = 4*g + u - 474, g - 2*u = 111. Let c = g + -94. Calculate the remainder when q is divided by c.
21
Let w = 245 + -183. Calculate the remainder when w is divided by 22.
18
Suppose 48*b - 86*b + 570 = 0. Calculate the remainder when 245 is divided by b.
5
Suppose 4*x + g + 3 = 34, 2*g = -x + 6. Calculate the remainder when 15 is divided by x.
7
Let j(c) = -c - 9. Let b be j(-14). Let x = 7 - b. Suppose 0*t = -t + 4*o - x, 0 = t + 3*o - 33. What is the remainder when 52 is divided by t?
16
Suppose -3*y - d = y - 9, 10 = 4*y + 2*d. Calculate the remainder when 50 is divided by y.
0
Calculate the remainder when 68 is divided by (-1334)/290*(-1 - (5 + -1)).
22
Suppose 0 = -2*g - d + 8 - 2, -3*g = d - 9. Let p be (-15)/(-6) + 7/(-14). Suppose p = 2*x - x. What is the remainder when g is divided by x?
1
Calculate the remainder when 95 is divided by (-40)/(-70) - 534/(-21).
17
Let k = -2008 - -2021. Calculate the remainder when 270 is divided by k.
10
Let j(r) = -2*r + 239. Calculate the remainder when j(24) is divided by 30.
11
Let a = -730 - -740. What is the remainder when 309 is divided by a?
9
Let s(m) = -2*m**2 + 1 - 2 - m*